.
6
Suppose 2 = -r + 4. Let x(z) = -9 - 3*z + 10 + r*z. Calculate x(2).
-1
Let o(x) = -2*x - 6. Suppose d = 2*d - 19. Let j = d - 11. Suppose 0 = -2*v - 2 - j. Calculate o(v).
4
Let k(b) = b + 3. Let w(o) = 5*o + 14. Let a(y) = y - 8. Let n be a(7). Let p = 12 + n. Let q(t) = p*k(t) - 2*w(t). Calculate q(-4).
1
Let x(p) be the first derivative of 1/2*p**2 - 1/3*p**3 + 3 - p. Calculate x(1).
-1
Let v(x) = -x**3 - 16*x**2 + 16*x - 14. Let w be v(-17). Let g(z) = z + 2*z**2 + 3*z**3 + 0 + 1 + 0*z**2 - w*z. Give g(1).
4
Suppose -3*m + m + 6 = 0. Suppose 3*b - 5 = m*l + 4, -l = 3. Let g(q) = -5 + b*q**2 + 1 - 6*q - 2 - q**2. Give g(-4).
2
Suppose -1 = 2*n - 7. Let f(q) be the second derivative of 0 - q**2 - 2/3*q**n + 3*q. What is f(2)?
-10
Let u = -1 + 2. Let c = u + 5. Let i(x) = 0*x - x**2 - c*x - 2 + 5*x. Calculate i(-2).
-4
Let v(x) = 111*x + 122*x - 1 - 242*x. Let f(h) = -2*h + 3. Let d be f(2). Determine v(d).
8
Let r(n) = -4*n**3 + 0*n**3 + 0 + 1 - n. Let x be 4 - 3 - (1 + -3). Suppose 0 = -4*k - 2*d, -13 = -2*k - x*k + 4*d. What is r(k)?
-4
Let o(j) = -j**2 + 3*j + 2 - 4*j - 2*j. Let r be (1 - (3 - 2))/2. Suppose r*p + 4 = -p. Determine o(p).
-2
Let a(g) = g**2 + g - 2. Let m = -6 - -4. Let z be (m/4)/(2/(-12)). Let l = z + -6. Calculate a(l).
4
Let l(m) = m**2 + 13*m + 12. Let u be l(-12). Let x(w) = u*w + 3*w - 1 + 3*w + 0. What is x(-1)?
-7
Let f(h) = 4 + 6*h + 14*h**2 + h**3 + 8*h**2 - 15*h**2. Suppose 12 = 3*d + 3*c, 2*c + 19 = 5*d + 6*c. Let p = d + -9. Calculate f(p).
4
Let r(b) = -b**2 + 5*b + 8. Let o = 61 + -32. Let c = 36 - o. Give r(c).
-6
Let q be 3*4*(-2)/(-12). Let l(v) be the first derivative of 2*v + 3 - v**2 + 1/3*v**3. Calculate l(q).
2
Let x be (-4)/(1/((-5)/(-2))). Let u be (-26)/x + 6/15. Let f(a) = -3 + a - 6*a**3 - 1 + u. Calculate f(1).
-6
Let l be (3/(-9))/((-2)/18). Let y(z) = l*z + 1 - 2 - 4*z. Let p(m) = m**2 + 3*m - 6. Let k be p(-5). Determine y(k).
-5
Let h(f) = f**3 + f + 2. Suppose -d + 2*d = 10. Suppose 5*i - m = -69, d*i = 5*i + 5*m - 85. Let v be i/6 - 1/(-6). Give h(v).
-8
Let x be ((-2)/12)/(-6 + (-70)/(-12)). Let d(p) = -8*p**2 + p - 1. Determine d(x).
-8
Let k(i) = -3*i**2 + 7*i - 6. Let g(j) = 16*j**2 - 36*j + 31. Let z(o) = 2*g(o) + 11*k(o). Determine z(4).
0
Suppose -3*f + 6 = -0. Let z be (-2 - -3) + (f - 1). Let l(x) be the second derivative of x**3/6 + x**2/2 + x. Give l(z).
3
Let t = -3 + 5. Let h = 3 - t. Let a be 0 - (-3)/h*1. Let y(w) = 3*w + 1. Determine y(a).
10
Let j(y) = -2*y + 9. Let n be j(6). Let h = -5 - n. Let d(f) be the second derivative of -f**5/20 - f**4/4 + f**3/6 + f**2 - 2*f. Calculate d(h).
-4
Let r(w) = -w + 3. Let h(u) = 13*u - 29. Let g(x) = -3*x + 7. Let l(k) = -9*g(k) - 2*h(k). Let n be l(10). Determine r(n).
-2
Suppose 4*s - 3 = -15. Let u be (s/(-9) + -1)*3. Let g(f) = f**3 - 2*f. Give g(u).
-4
Let n = -6 - -1. Let j(p) = 3 - p**3 + 5*p - 4 - 3 - 4*p**2. Determine j(n).
-4
Let d(q) = 5*q**3 - 11*q**2 + 7*q - 7. Let h(p) = -p**3 + p**2. Let w(o) = -d(o) - 4*h(o). What is w(6)?
1
Suppose 10*h = 7*h + 27. Let k(p) = -5*p + 4. Let q(v) = -v + 1. Let s(l) = h*q(l) - 2*k(l). Calculate s(-1).
0
Let l(g) = 3*g**2 - g + 1. Let k be l(1). Let w(n) = -k + 0*n + 4*n + 5*n**2 - 4*n**2. Let p be (-34)/8 - (-3)/12. Calculate w(p).
-3
Let k be -4 - -2 - (0 + -7). Let p(c) = 4*c**3 - 4*c**2 - 7*c + 3. Let b(v) = -3*v**3 + 4*v**2 + 7*v - 3. Let i(r) = 3*b(r) + 2*p(r). Give i(k).
7
Let l = 4 - 1. Suppose -4*c = -l*c + s - 1, 2*c - s + 13 = 0. Let v(f) = -2*f - 3. What is v(c)?
5
Suppose -3*b = o + 5, -5*o + 3*b + b + 13 = 0. Let p(h) = -1 - 4*h**3 + 2*h**2 - 2*h**3 + 9*h**3. Calculate p(o).
4
Let v(z) be the second derivative of z**4/12 + 7*z**3/6 - 2*z**2 + 36*z. What is v(-7)?
-4
Suppose 0*f - 2*f = r + 13, f + 24 = -4*r. Let c(m) be the second derivative of m**4/6 + m**3 + m**2/2 + 7*m. Give c(f).
9
Let t(f) be the second derivative of f**5/20 - f**4/2 + f**3 + 6*f. What is t(5)?
5
Let t(u) = u**3 - 4*u**2 + 5*u + 2. Let s(h) = -h**3 + 5*h**2 - 4*h - 3. Let w(j) = -5*s(j) - 4*t(j). Determine w(9).
7
Suppose t = -6 + 1. Let s(v) = -v**2 - 6*v - 6. Determine s(t).
-1
Let b(r) be the first derivative of r**3/3 - r**2 - 5*r + 14. Let g be (15/(-9))/((-2)/6). Determine b(g).
10
Let m(f) = f**2 + 3*f - 2. Let s(b) = 3*b - 1. Let t be s(1). Let u(k) = k. Let p be u(1). Let y be -1 - (t - (-2 + p)). Give m(y).
2
Let q(p) = p. Let c be (-14)/(-4) + (-1)/2. Suppose -7*v + c*v = 8. What is q(v)?
-2
Let z(l) = -3*l - 10. Suppose 0 = -j - 6 + 4. Let s(u) = -13*u - 41. Let t(f) = j*s(f) + 9*z(f). Determine t(-5).
-3
Suppose 0 = -2*n, 3*g = -2*n + 38 + 7. Suppose 4*y - 4*u - 40 = 0, u - 41 = -5*y - g. Let w(l) = -l**2 + 6*l - 6. Give w(y).
-6
Let x(w) = w**2 - 5*w - 6. Let r(m) = 2*m**3 + 9*m**2 - 6*m + 2. Let s be r(-5). Calculate x(s).
8
Let t(u) = u + 5. Let p(f) = f - 20. Let n be p(14). Calculate t(n).
-1
Let b(u) = u**3 + 9. Suppose -3*d + x + 3*x + 20 = 0, -2*d - 3*x + 2 = 0. Suppose 2 = -r - d*o - 10, 2*o = r - 6. Calculate b(r).
9
Let n(g) = -3*g + 6. Let o(s) = -4*s + 7. Let q(h) = -6*n(h) + 5*o(h). Calculate q(4).
-9
Let q(u) = 3*u - 1. Suppose -3 = 2*k - t, -4*t = k - 2*k + 9. Determine q(k).
-10
Let q(u) = -u**3 - 6*u**2 - 7*u - 7. Suppose -4*z - g - 21 = 0, -4*g = -z - 0*g - 1. Determine q(z).
3
Suppose 3*r - 1 - 17 = 0. Let n(b) = b - 12. Calculate n(r).
-6
Let k(f) be the second derivative of 7/12*f**4 + 0 + 1/6*f**3 + 9/2*f**2 + 1/20*f**5 - 6*f. Determine k(-7).
2
Suppose -2*t - 5*p = 19, -4*p = -p + 15. Let n(y) = -3*y + t + 0 - y**2 - 2*y. Let d(u) = u**2 + 16*u + 10. Let a be d(-15). Give n(a).
3
Let d(n) = -11*n**3 + 9*n**3 + 9*n - 6*n**2 + n**3. Give d(-7).
-14
Let c(g) = 10*g. Suppose -5*p = 4*b + 5, -3 = b - 4*b + 3*p. Suppose v + b + 1 = 0. What is c(v)?
-10
Let j(u) be the third derivative of -u**4/12 - 5*u**3/3 - 13*u**2. What is j(-7)?
4
Let v(s) = s - 2. Let n be (-3 + (-51)/(-15))*-10. What is v(n)?
-6
Let q(x) = x**2 - 2. Let p(b) = -b**2 - b + 1. Let w(t) = 5*p(t) + 4*q(t). Give w(-3).
3
Let f(i) = -i**2 - 7*i. Let w = -19 - -12. Give f(w).
0
Let a(j) = j - 6. Let l be 6/(-4)*(-104)/6. Let f = l + -21. Calculate a(f).
-1
Let w(m) = -8*m. Let i(j) = -23*j. Let t(k) = 6*i(k) - 17*w(k). Calculate t(-4).
8
Let h(u) = -u**3 + 10*u**2 + 2*u - 24. Let j be h(10). Let r be (32/12 + j)*3. Let l(w) = -w**3 - 5*w**2 - 3*w - 3. Determine l(r).
-7
Suppose q + 3*q + p = 9, -4*p = -2*q. Let z(r) = -2 + 2 - 2*r**q - 1. Give z(-1).
-3
Let q(y) = -y**3 - 5*y**2 - y - 1. Suppose 8*m = 4*m - 20. What is q(m)?
4
Suppose 4*h + 0*h - 10 = 2*o, 3*h = 3*o. Let d be 2 + h + (1 - 3). Let k(s) be the second derivative of -s**3/6 + s. Give k(d).
-5
Let o(j) = -j**2 + 3*j + 2. Suppose 5*t = -25, 2*t + 31 = 5*s + 6. Determine o(s).
2
Suppose -14 = -m - 4. Let i(j) = -j**3 + 10*j**2 + j - 3. Determine i(m).
7
Suppose g + 0 + 3 = 0. Let k(a) be the second derivative of -a**5/20 - a**4/4 - a**3/6 + a**2 + 8*a. Calculate k(g).
5
Let w(q) = -2*q + 9. Let d(s) = s. Let h(b) = -4*d(b) - w(b). What is h(-6)?
3
Let h be (-9)/12 - (-46)/8. Let c(a) = -3*a + 4. Calculate c(h).
-11
Suppose 5*k + 18 = -2*b, -5*b + 1 = -3*k + 4*k. Let m(v) = -v**3 - v**3 + 9*v**3 + 4*v**2 - 5*v**2. Give m(b).
6
Let o(n) = n - 3. Let x be 16*(-1 - 3/(-2)). Suppose -5*z - 3*k = -x*k - 5, -2*z = k - 11. Determine o(z).
1
Let a(c) be the third derivative of -c**5/60 + c**4/6 - c**2. Suppose 0 = 16*m + 9 - 105. Give a(m).
-12
Let m(a) = -4*a + 2*a**2 + 11 + 4*a**2 - 5*a**2 - 12. What is m(5)?
4
Suppose 4*f = -2*q + 2*f + 6, 2*f - 8 = 0. Let a(w) be the first derivative of -w**3/3 - w**2/2 + 131. Give a(q).
0
Let o(y) = y**2 + 2*y. Let l = 63 + -67. What is o(l)?
8
Let q be 30/5 - 2*1. Let v(m) = m + 3*m - m**2 - 7 + 1. Calculate v(q).
-6
Suppose -u = u - 6. Let t(c) = -c**2 + 2*c + 4. What is t(u)?
1
Let h(j) = -1 - 4 - j + 0*j. Calculate h(-3).
-2
Let l(a) = a - 3. Suppose 4*n = 2*n. Calculate l(n).
-3
Let r(y) = -2*y - 13. Let j(l) = l + 7. Let q(k) = 5*j(k) + 3*r(k). Let m = -10 + 15. What is q(m)?
-9
Let z(h) = 2*h - 2. Let r = -63 + 60. Determine z(r).
-8
Suppose -3*c + 10 = -2. Let l(i) = -3*i**2 + c*i - 3*i**2 + 5*i**2 + 0*i**2. Determine l(5).
-5
Let c(q) = q**2 - q + 2. Let u be c(0). Suppose -l - u*l = 6. Let z(f) =